 5
Suppose -2*d + 0*t = -t - 11, -5*d - t + 10 = 0. Let k(f) = 3*f**2. Let a be k(1). Suppose a*q = 9 + d. List the prime factors of q.
2
Let g = 643 + -245. List the prime factors of g.
2, 199
Let s(x) = 2*x**2 + 9*x + 1. Let y be s(-6). Let g = y + -5. Suppose w - 5*w + 52 = -2*j, 0 = w - j - g. What are the prime factors of w?
2, 3
Suppose 4*q - 10 = 114. What are the prime factors of q?
31
Suppose -5*s - 96 = -r, -7*s + 2*s + 228 = 3*r. What are the prime factors of r?
3
Suppose 373 + 449 = 2*h. What are the prime factors of h?
3, 137
Suppose 8 = -0*n + 4*n. Let p(z) = 1 + 1 + n*z - z - z**2. What are the prime factors of p(0)?
2
Let n(s) = s. Let u(w) = -5*w - 7. Let c(z) = -6*n(z) - u(z). What are the prime factors of c(4)?
3
Let b(k) = k**2 + 5*k + 2. Let f be b(-5). Suppose -f*t - 2*t = 0. Suppose t = -4*a + 9 + 59. List the prime factors of a.
17
List the prime factors of (-5)/((15/140)/(3/(-2))).
2, 5, 7
Suppose 0 = 2*g - 4 + 2. What are the prime factors of (-36)/(-16) - g/4?
2
Suppose 5*k = -591 + 86. Let o = -69 - k. What are the prime factors of (-16)/(-3)*120/o?
2, 5
Suppose -3*k - 132 = -4*j - 7*k, -k - 141 = -5*j. List the prime factors of j.
29
Let c(h) = h**2 + h - 4. Let y be c(0). Let g = -13 - y. Let k(t) = t**2 + 9*t + 12. What are the prime factors of k(g)?
2, 3
Let o(l) = 27*l - 45. Let h(v) = 11*v - 18. Let n(f) = 12*h(f) - 5*o(f). Let u be n(7). List the prime factors of 4/u - 67/(-3).
2, 11
Suppose -5*k = 194 - 614. Suppose v = 3*u - 22 - 42, 2*v = 4*u - k. List the prime factors of u.
2, 11
Let i(y) = -39*y + 1. Let k be i(-1). Suppose z = -z + 5*u - 17, -5*z = 4*u - k. What are the prime factors of z?
2
Let j be -38 + (-1)/(3/(-3)). Let a = j - -21. Let w = a + 22. List the prime factors of w.
2, 3
Suppose 0*o = -4*h - o + 4, -2*o = -2*h + 12. Suppose -h*g + 7 = 3. Suppose i = -g + 7. What are the prime factors of i?
5
Suppose 2*n + 11284 = 28*n. List the prime factors of n.
2, 7, 31
Let n(t) = -2*t**2 + t**3 + 5*t**2 + 0 - 1 - 6*t. List the prime factors of n(-4).
7
Let j be (-3*1)/(6/(-6)). Suppose 5*k + 38 = 3*c - 13, -j*k = 5*c - 119. What are the prime factors of c?
2, 11
Let v be 0*(3/(-6) - 0). Suppose 6 = 2*b - v. List the prime factors of b.
3
List the prime factors of -32*3/6*-2.
2
Let z = 68 + -44. Let o = 36 + z. Suppose 8 = 4*v - o. List the prime factors of v.
17
Suppose -7*u + 2*u = 25. List the prime factors of (-168)/u - 6/(-15).
2, 17
Let w(i) = 3*i**2 - 14*i + 3. List the prime factors of w(8).
83
Suppose 3*g + g = 8. Suppose 3*o = -5*f + 1, 0 = f - 3*f + g*o + 10. Suppose 2*j - 14 = f. What are the prime factors of j?
2
Let a = -12 + 18. What are the prime factors of (16/a)/(3/18)?
2
Suppose 2*l - 48 = -t, 0 = l + 2*t + 3*t - 24. What are the prime factors of l?
2, 3
List the prime factors of 159 + 0 - 0/(-13).
3, 53
Let j(t) be the first derivative of -t**5/10 - t**4/6 - t**2 + 3*t + 1. Let w(n) be the first derivative of j(n). List the prime factors of w(-2).
2, 3
Let v(f) = -f**3 - 8*f**2 - f - 2. Let z = -1 + 1. Let c(j) = -j**2 - 8. Let r be c(z). List the prime factors of v(r).
2, 3
Suppose 4*l - 11 - 9 = 0. Let p(c) = c**2 - c - 2. List the prime factors of p(l).
2, 3
Let i be 2 + 1 + (0 - 0). Let c be (i/(-2))/((-3)/8). Suppose 5*z = -2*v + 32 + 9, -8 = c*v. What are the prime factors of z?
3
Let q(x) = -x**2 - 23*x - 5. What are the prime factors of q(-8)?
5, 23
What are the prime factors of (-6)/(-33) + 1314/33?
2, 5
Let n be ((-18)/(-15))/(6/(-20)). List the prime factors of (15 + -11)/((-2)/n).
2
Suppose -4*i + 312 = -204. What are the prime factors of i?
3, 43
Let d be (2/1 - 12)/(-2). Suppose d*a - 1 = -2*s + 77, -s - 52 = -4*a. List the prime factors of a.
2, 7
Suppose 5*z + 21 = -3*s + 2*z, -1 = -5*s + 4*z. Let c be (-6)/(-18) - 14/s. Suppose -a = -c*a + 60. What are the prime factors of a?
3, 5
Let g be (2 - 2)/(-1 - 0). Let y = g - -15. Let u = y + -4. What are the prime factors of u?
11
Suppose 0 = -5*q + 4*f - 8, -7*f = 3*q - 3*f - 8. Suppose 5*n - 3*j - 99 = q, -n - 4*j = 3*n - 60. What are the prime factors of n?
2, 3
Suppose -3*t + 186 = -0*t. What are the prime factors of t?
2, 31
Let l(o) = -2*o + 5. Let t be l(5). Let f = 12 + t. What are the prime factors of f?
7
Suppose -3*k - 288 = -3*r, 3*k + 104 = 3*r - 2*r. What are the prime factors of r?
2, 23
Let l(f) = -f**2 + 9*f + 8. Let o be l(6). Suppose -3*s + 3*b = -s - 62, s - 4*b - o = 0. List the prime factors of s.
2, 17
Let s(a) = -a**2 - 5*a - 6. Let u(h) = h**2 + 6*h - 4. Let m be u(-6). Let c be s(m). What are the prime factors of (c/(-4))/(2/8)?
2
Let d = -2 + 2. Suppose d = 4*h + 4*q - 40, 3*h + 2*q - 30 = -2*q. List the prime factors of h.
2, 5
Let o be -34*(-3)/(-12)*-2. Suppose 0 = -2*s + s - 3. List the prime factors of o*(2 + (s - -2)).
17
Suppose 4*k - 18 = 2. Suppose -2*g + k*c = -18, 2*c - 1 = 3. List the prime factors of g.
2, 7
Suppose 2*f - 14 = -2*n, n + 3*n - 3*f = 0. Let o(p) = -10*p**2 + 3 - 2 + 6 - 9*p - 7*p**3 + 6*p**n. What are the prime factors of o(-9)?
7
Suppose 0 = 13*n - 502 + 73. What are the prime factors of n?
3, 11
Let v(f) = 5*f**2 - 1. Let t be v(1). What are the prime factors of t/(-22) - 156/(-11)?
2, 7
Suppose 5*f - 3*c = 24 + 26, 0 = 4*f + 3*c - 40. Let g = f + -1. List the prime factors of g.
3
Let a(c) = -c**3 - 23*c**2 + 8*c + 20. What are the prime factors of a(-24)?
2, 101
Let b = -56 + 83. List the prime factors of b.
3
Let g(r) = 2*r**2 + 5*r. Suppose -3*d = 11 + 1. What are the prime factors of g(d)?
2, 3
Let u = 233 - 75. What are the prime factors of u?
2, 79
Let t(b) = 9*b**2 - b + 3. Suppose h - 3*d = -0*d + 11, 5*h - 5*d = 25. List the prime factors of t(h).
37
Suppose 4*k = 9*k. Suppose -4*u + u + 39 = k. List the prime factors of u.
13
Suppose -5*w + 3*n = -927, 314 = 2*w - 3*n - 64. List the prime factors of w.
3, 61
Suppose 4*o + 3*b = 2*b - 6, -3*o - 9 = 3*b. What are the prime factors of (-6)/9*51*o?
2, 17
Let y be (-8)/(-36) + 68/18. Let l = 6 - y. List the prime factors of l.
2
Let a = -29 - -42. What are the prime factors of a?
13
Let d = 10 - 4. List the prime factors of d/(-4)*(-16)/6.
2
Let b be ((-8)/6)/((-14)/(-63)). List the prime factors of b/1 + 3 - -19.
2
Suppose 4*c = -3*j + 13, 0*c - 3*j = 2*c - 11. What are the prime factors of (7 - 3) + 0 + c?
5
Let j(d) = -5*d**2 - d + 5. Let p be j(-4). Let h be 10/15 + p/3. Let c = h - -38. What are the prime factors of c?
3, 5
Let f(j) = -3*j**3 - j**2. Let r be f(-2). Suppose 0 = 2*g - g + 12. Let i = g + r. What are the prime factors of i?
2
Let p(v) be the second derivative of -3/2*v**2 - 3*v - 1/3*v**3 + 0. List the prime factors of p(-5).
7
Let o(m) = 2*m - 4. Let l be o(3). What are the prime factors of 4/l*(11 - 10)?
2
Let i = 26 + -12. List the prime factors of i.
2, 7
List the prime factors of (4/6)/(42/819).
13
Let k be (-3)/(((-3)/4)/1). Suppose k*d = d + 21. List the prime factors of d.
7
Let j(b) = 0*b**2 + b**2 - 7*b - 3 + 3*b. Let a be 2/(-6) + 32/6. What are the prime factors of j(a)?
2
Suppose -3*h - 39 = -4*h. What are the prime factors of h?
3, 13
Let d(u) = 23*u**3 + 3*u - 2. What are the prime factors of d(1)?
2, 3
Suppose z + 4*u = -3*z + 76, 69 = 4*z - 3*u. Suppose -z = 3*n + p, 4*n + 4*p - 3 = -27. Let y(h) = h + 8. What are the prime factors of y(n)?
2
What are the prime factors of (-1 - 21)/(6/(-33))?
11
Suppose f - 4*t - 16 = 0, 3*f + f - 4*t - 112 = 0. List the prime factors of f.
2
Suppose -3 = -3*l + 6, 4*l = 5*d - 108. Suppose 4*g - d = 3*g. Let j = g + -14. List the prime factors of j.
2, 5
Let w = 11 + -8. Let h = -1 + w. List the prime factors of (-1)/(-2)*40/h.
2, 5
Let v(r) = 3*r**2 + r + 1. Let o(s) = 5*s. Let i be o(1). Let c = i - 7. What are the prime factors of v(c)?
11
Suppose -3*j - 69 = 12. Let i = j + 44. What are the prime factors of i?
17
Suppose -2*v + 55 = -93. What are the prime factors of v?
2, 37
Let c(w) = -5*w**2 + w - 2. Let i(a) = 19*a**2 - 5*a + 9. Let d(b) = 9*c(b) + 2*i(b). Let n be d(1). List the prime factors of 1*18*(-4)/n.
3
Suppose k - t - t = 7, 0 = 5*k + 4*t - 7. What are the prime factors of (k*1)/(1/11)?
3, 11
Let g(l) = -l + 6. Let r be g(7). List the prime factors of 28 + -1 + r + 3.
29
Let y = 34 - 27. List the prime factors of y.
